{"id":247,"date":"2025-09-15T22:50:51","date_gmt":"2025-09-15T20:50:51","guid":{"rendered":"https:\/\/coursewaveinternational.com\/?post_type=product&#038;p=247"},"modified":"2025-09-15T22:51:09","modified_gmt":"2025-09-15T20:51:09","slug":"ingles-profesional-online","status":"publish","type":"product","link":"https:\/\/coursewaveinternational.com\/?product=ingles-profesional-online","title":{"rendered":"Ingl\u00e9s Profesional Online"},"content":{"rendered":"<p>Domina el ingl\u00e9s en contextos laborales y abre las puertas a oportunidades globales.<br \/>\nEste curso est\u00e1 enfocado en mejorar tu comunicaci\u00f3n en ingl\u00e9s dentro de entornos profesionales. Est\u00e1 dise\u00f1ado para ayudarte a escribir correos formales, asistir a reuniones, realizar entrevistas y comunicarte de forma fluida y segura en el \u00e1mbito internacional.<\/p>\n<p>\u2705 \u00bfQu\u00e9 aprender\u00e1s?<br \/>\nVocabulario clave en \u00e1reas como negocios, tecnolog\u00eda, ventas y marketing.<br \/>\nEstructura de correos electr\u00f3nicos, informes y presentaciones en ingl\u00e9s.<br \/>\nSimulaciones de entrevistas laborales con feedback.<br \/>\nExpresiones idiom\u00e1ticas y modismos del ingl\u00e9s profesional.<br \/>\nMejora en pronunciaci\u00f3n y comprensi\u00f3n auditiva.<br \/>\nEstrategias para pensar y responder con fluidez.<br \/>\n\ud83d\udca1 Ideal para:<br \/>\nProfesionales, estudiantes universitarios, freelancers, ejecutivos y cualquier persona que quiera avanzar en su carrera internacional.<\/p>\n<p>\ud83e\uddfe Certificaci\u00f3n:<br \/>\nRecibir\u00e1s un certificado internacional al finalizar el curso, avalando tu nivel de ingl\u00e9s profesional.<\/p>\n","protected":false},"excerpt":{"rendered":"<p>Domina el ingl\u00e9s en contextos laborales y abre las puertas a oportunidades globales.<br \/>\nEste curso est\u00e1 enfocado en mejorar tu comunicaci\u00f3n en ingl\u00e9s dentro de entornos profesionales. Est\u00e1 dise\u00f1ado para ayudarte a escribir correos formales, asistir a reuniones, realizar entrevistas y comunicarte de forma fluida y segura en el \u00e1mbito internacional.<\/p>\n","protected":false},"featured_media":53,"comment_status":"open","ping_status":"closed","template":"","meta":[],"product_brand":[],"product_cat":[29],"product_tag":[],"class_list":{"0":"post-247","1":"product","2":"type-product","3":"status-publish","4":"has-post-thumbnail","6":"product_cat-ingles-profesional-online","8":"first","9":"instock","10":"shipping-taxable","11":"purchasable","12":"product-type-simple"},"_links":{"self":[{"href":"https:\/\/coursewaveinternational.com\/index.php?rest_route=\/wp\/v2\/product\/247","targetHints":{"allow":["GET"]}}],"collection":[{"href":"https:\/\/coursewaveinternational.com\/index.php?rest_route=\/wp\/v2\/product"}],"about":[{"href":"https:\/\/coursewaveinternational.com\/index.php?rest_route=\/wp\/v2\/types\/product"}],"replies":[{"embeddable":true,"href":"https:\/\/coursewaveinternational.com\/index.php?rest_route=%2Fwp%2Fv2%2Fcomments&post=247"}],"wp:featuredmedia":[{"embeddable":true,"href":"https:\/\/coursewaveinternational.com\/index.php?rest_route=\/wp\/v2\/media\/53"}],"wp:attachment":[{"href":"https:\/\/coursewaveinternational.com\/index.php?rest_route=%2Fwp%2Fv2%2Fmedia&parent=247"}],"wp:term":[{"taxonomy":"product_brand","embeddable":true,"href":"https:\/\/coursewaveinternational.com\/index.php?rest_route=%2Fwp%2Fv2%2Fproduct_brand&post=247"},{"taxonomy":"product_cat","embeddable":true,"href":"https:\/\/coursewaveinternational.com\/index.php?rest_route=%2Fwp%2Fv2%2Fproduct_cat&post=247"},{"taxonomy":"product_tag","embeddable":true,"href":"https:\/\/coursewaveinternational.com\/index.php?rest_route=%2Fwp%2Fv2%2Fproduct_tag&post=247"}],"curies":[{"name":"wp","href":"https:\/\/api.w.org\/{rel}","templated":true}]}}